6 + -79. Let i = -356 - -378. Calculate the remainder when u is divided by i.
21
Let k = -17 + 1. What is the remainder when 444/60*(-1 - -6) is divided by -6*(k/6 - -1)?
7
Let m(g) = g**3 - 8*g**2 + 10*g - 9. Let k be m(7). Calculate the remainder when (-2)/12 + 650/k is divided by 21 - ((0 - -1) + 1).
16
Suppose h + 4*h + 138 = -n, -2*n - 108 = 4*h. Let c = h - -92. What is the remainder when c is divided by 13?
12
Suppose -7*p + 9*p - 258 = 0. Let a = p + 68. Calculate the remainder when a is divided by 50.
47
Let q = 194 + -178. Calculate the remainder when 60 is divided by q.
12
Let m = 342 + -143. What is the remainder when m is divided by 50?
49
Let s = -95 - -209. What is the remainder when s is divided by 58?
56
Suppose 3*s = -2*m + 546, 4*s + 1721 - 379 = 5*m. Suppose -r - m = -11*r. What is the remainder when 134 is divided by r?
26
Let i = 1596 + -1550. Calculate the remainder when i is divided by 28.
18
Let a = 18 + -2. What is the remainder when 104 is divided by a?
8
Let n(c) = -2*c**2 + 29 + 4*c**2 - c**2 + 6. Suppose -u - p + 3*p = -8, -4*p = u - 20. Calculate the remainder when n(0) is divided by u.
11
Let y(k) = 5*k**3 + k**2 - 3*k + 10. Calculate the remainder when y(2) is divided by 16.
0
Suppose -3*b - 5*f = -112, 3*b + 2*f = 171 - 56. Calculate the remainder when 147 is divided by b.
30
Let c = 26 - 48. Let h = c + 40. Suppose n + 5 + 2 = y, 0 = 2*y - 5*n - 14. What is the remainder when h is divided by y?
4
Let u = -2 + 1. Let i = u + -17. Let f = 42 + i. Calculate the remainder when f is divided by 9.
6
Suppose 45 = -14*v + 87. Calculate the remainder when 21 is divided by v.
0
Suppose 22*w + 152 = 30*w. What is the remainder when 379 is divided by w?
18
Suppose -41 = -v + 13. What is the remainder when v is divided by 10?
4
Suppose 3*d - 1219 = 3*b - 334, -2*d - 5*b = -597. What is the remainder when d is divided by 23?
20
Suppose 49*k - 20115 = 34*k. Calculate the remainder when k is divided by 21.
18
Let w(h) = h**3 + 9*h**2 - 6*h - 7. Let p be (-1)/(-4) - 2/8. Suppose -c + 5*k - 34 = 0, 3*c = -k - p*k - 22. What is the remainder when w(c) is divided by 12?
11
Suppose -3*y = -3*f + 100 + 95, -2*f - 2*y = -114. Let t(d) = -109*d - 1626. Calculate the remainder when f is divided by t(-15).
7
Suppose 3 = -5*f - 4*p - 25, 3*p - 6 = 3*f. Calculate the remainder when 89 is divided by (f/3)/((-8)/180).
29
Suppose -5*b = 2*k - 9, -17 = -5*k - 4*b + 14. Suppose 0 = -2*x + k + 3. Suppose x*j = 78 - 3. What is the remainder when j is divided by 8?
7
Suppose 2*l + 4*t = 54, -4*l - 4*t - 60 = -8*l. What is the remainder when 34 is divided by l?
15
Let b be ((-1)/((-20)/16))/(2/5). Suppose -4*u + 24 = 3*g, -3*u = -0*g - b*g + 33. What is the remainder when 129 is divided by g?
9
Let u be (4 - 5) + -2 - -5. Suppose -u*q = -5*d + 2*q + 27, -2*d + 8 = -3*q. Suppose d*x = 2*x + 45. Calculate the remainder when x is divided by 5.
4
Let f = 140 - 138. Calculate the remainder when 52 is divided by (11/(-3))/(f/(-6)).
8
Let a = 11 + -15. Suppose -39 = -u - 2*l, l + l = 4. What is the remainder when u is divided by (-38)/a*4/2?
16
Let q(k) = -51*k - 167. Suppose 6*b - 801 = -159. What is the remainder when b is divided by q(-4)?
33
Suppose 2*l = -4 + 18. Suppose -43*y + 950 - 305 = 0. Calculate the remainder when y is divided by l.
1
Suppose -2*n + 4*b + 56 = 0, -5*n + 106 + 2 = -2*b. Suppose 4*d + 3*c - 2*c - 41 = 0, 0 = 3*d - 3*c - 42. What is the remainder when n is divided by d?
9
Let v = 7 + -2. Suppose 2*r = r - 2, v*w - r = 162. What is the remainder when w is divided by 18?
14
Let r(d) = 39*d + 2. Calculate the remainder when r(1) is divided by (66/10 - 0) + 66/(-110).
5
Suppose 130 = 39*x - 29*x. Calculate the remainder when 233 is divided by x.
12
Calculate the remainder when 209 is divided by (0 + -1)*68*1/(-2).
5
Let j = -71 + 129. Calculate the remainder when j/((4/1)/2) is divided by 16.
13
Suppose 8*j - 1297 = -537. What is the remainder when j is divided by 25?
20
Let c = -88 - -234. Calculate the remainder when c is divided by 50.
46
Suppose -4*b - 6 = -7*b + 3*o, -5*o = 4*b - 44. Let z(a) = a**3 - 2*a**2 + 3. What is the remainder when z(b) is divided by 37?
36
Let y(n) = 14*n**2 - 4*n. Calculate the remainder when y(1) is divided by 8.
2
Calculate the remainder when 433 is divided by ((-1776)/(-112))/(3/21).
100
Let f(r) = -r + 27. Let l(c) = c**2 - 12*c + 6. Let g be l(9). Let m = 35 + g. Calculate the remainder when f(0) is divided by m.
13
Let x(y) = -12*y + 6. Let s be x(-4). Suppose -29 - s = -f. What is the remainder when f is divided by 21?
20
Suppose 5*r - 15 = -p + 4, 3*r = 3*p + 15. Suppose r*c = -5*q + 2, 0 = -5*q + 3*c + 2*c + 20. Let k = q + 28. What is the remainder when k is divided by 11?
8
Let b(l) = l**3 + 22*l**2 - 4*l + 1. Calculate the remainder when b(-4) is divided by 63.
53
Suppose 0 = -c + r + 3, -c = 5*r + 3 - 12. Let w = -1 + c. Let n = 254 + -251. Calculate the remainder when n is divided by w.
0
Let y be (3/5)/(3/(-15)). Suppose 0 = 4*s - 24 - 36. Let w = s - y. What is the remainder when 33 is divided by w?
15
Suppose -7*v + 4*j = -2*v - 538, -5*v - j = -528. Suppose g + 2*m - v = 4*m, -5*g = -4*m - 524. What is the remainder when g is divided by 35?
34
Let w(a) = -a - 2. Let l(p) = 1. Let o(s) = l(s) + w(s). Calculate the remainder when 59/4 + (-2)/(-8) is divided by o(-7).
3
Let c(k) = 87*k**2 - 17*k - 1. Calculate the remainder when c(2) is divided by 21.
19
Suppose 0 = 5*c - 3*r - 2*r + 15, 3*r - 23 = -4*c. Suppose c*u + 0 + 4 = 0. What is the remainder when 24 is divided by 27/u*8/(-12)?
6
Suppose 0 = 3*p - p - 4*u - 48, -u = -p + 20. What is the remainder when 78 is divided by p?
14
Suppose 0 = -3*h - j - 5, 3*j = 3*h - 15. Calculate the remainder when (1 - h)*(-8 - -64) is divided by 30.
26
Let d = -25 - -40. Calculate the remainder when 19 is divided by d/6*(-4)/(-2).
4
Let x(p) = p**2 + 12*p - 5. Let c be x(10). Let i = -149 + c. Calculate the remainder when i is divided by 10.
6
Let n(c) = -c**3 - 12*c**2 - 28*c + 23. What is the remainder when 238 is divided by n(-9)?
14
Let q = -2 + -7. Let b = q - -21. Suppose -4*r + 93 = 5*h, 2*r = 4*h + 17 + 23. Calculate the remainder when r is divided by b.
10
Let o(f) = 6*f**2 + 5*f + 3. Let q(i) = -i**3 + 8*i**2 - 3. Let c be q(8). What is the remainder when o(-3) is divided by (-2)/(-6) - 32/c?
9
Suppose 3*i - 3*h = i + 6, 5*i - 3*h - 15 = 0. Let c = -62 - -38. Let p = c - -28. Calculate the remainder when p is divided by i.
1
Let y(p) = 2*p**2 + 27*p - 41. Calculate the remainder when y(-19) is divided by 76.
16
Let l be (2/(-4))/((-6)/(-108)). Let q = 16 + l. Calculate the remainder when 26 is divided by q.
5
Let o = -48 + 48. Suppose o = z - 3*s - 20, 15 = -z - 5*s + s. What is the remainder when 12 is divided by z?
2
What is the remainder when 130 is divided by (-7)/(-14)*(15 + 49/7)?
9
Let b(w) = -w**2 - 12*w + 27. Calculate the remainder when 76 is divided by b(-13).
6
Suppose 23*o = 25*o - 58. What is the remainder when 376 is divided by o?
28
Let t be 9 + (3 + 5)/(-4). Let g = 12 - t. Let d(c) = -c + 5. Calculate the remainder when d(-5) is divided by g.
0
Let u = -3 + 17. Suppose -7*j = -2*j - 25. What is the remainder when u is divided by j?
4
Let i(h) = h**2 + h + 10. Let m be i(0). Suppose -7*k + 85 = -2*k - a, -25 = 5*a. Suppose -m = l - k. What is the remainder when 16 is divided by l?
4
Suppose -m = 2*g - 47, 2*m + 5*g - 200 = -2*m. What is the remainder when (4 - 5 - (-4)/2) + m is divided by 19?
18
Let w(o) = 1 - 5 + 13*o**2 - o**2 + 3*o - 3 - o**3. Suppose 12*s - 61 = 83. Calculate the remainder when w(s) is divided by 15.
14
Let d = 5 + -3. Let s = -19 + 31. Suppose -110 + s = -d*f. Calculate the remainder when f is divided by 17.
15
Let c(g) = g**3 + 4*g**2 - 7*g. Let m be c(-5). Suppose -4*w = -m - 6. Suppose -o + 7 + 1 = 2*s, 19 = w*o - 5*s. Calculate the remainder when o is divided by 4.
2
Let s = 9 - 5. Suppose -q = 4*g + 7, -25 = -7*q + 2*q. What is the remainder when s is divided by g/(-2)*(-8)/(-6)?
0
Let k = 235 + -138. Let h be 0 + (-6)/(-3) + k. Suppose -c = 2*c - h. What is the remainder when 65 is divided by c?
32
Suppose 2*o = o + 10. Suppose -2*j - o = 2*h + 3*j, -h + 2*j = -4. Suppose -4*w + w + 27